{"id":30,"date":"2021-11-04T12:20:40","date_gmt":"2021-11-04T12:20:40","guid":{"rendered":"http:\/\/rafaleon.es\/?page_id=30"},"modified":"2024-10-29T17:23:34","modified_gmt":"2024-10-29T17:23:34","slug":"representante-muebles-y-decoracion-cordoba","status":"publish","type":"page","link":"https:\/\/rafaleon.es\/","title":{"rendered":"Representante de muebles y art\u00edculos de decoraci\u00f3n"},"content":{"rendered":"\t\t<div data-elementor-type=\"wp-page\" data-elementor-id=\"30\" class=\"elementor elementor-30\">\n\t\t\t\t\t\t<section class=\"elementor-section elementor-top-section elementor-element elementor-element-3a648162 elementor-section-boxed elementor-section-height-default elementor-section-height-default\" data-id=\"3a648162\" data-element_type=\"section\">\n\t\t\t\t\t\t<div class=\"elementor-container elementor-column-gap-default\">\n\t\t\t\t\t<div class=\"elementor-column elementor-col-100 elementor-top-column elementor-element elementor-element-ddb0641\" data-id=\"ddb0641\" data-element_type=\"column\">\n\t\t\t<div class=\"elementor-widget-wrap elementor-element-populated\">\n\t\t\t\t\t\t<div class=\"elementor-element elementor-element-1a6dc71 elementor-widget elementor-widget-text-editor\" data-id=\"1a6dc71\" data-element_type=\"widget\" data-widget_type=\"text-editor.default\">\n\t\t\t\t<div class=\"elementor-widget-container\">\n\t\t\t\t\t\t\t\t\t\n<div class=\"wp-block-cover is-light\"><img fetchpriority=\"high\" decoding=\"async\" width=\"550\" height=\"273\" class=\"wp-block-cover__image-background wp-image-60\" style=\"object-position: 55% 48%;\" src=\"http:\/\/rafaleon.es\/wp-content\/uploads\/2021\/11\/tl257.webp\" alt=\"\" data-object-fit=\"cover\" data-object-position=\"55% 48%\" \/>\n<div class=\"wp-block-cover__inner-container is-layout-flow wp-block-cover-is-layout-flow\">\n<h2 class=\"has-text-align-center has-large-font-size wp-block-heading\">Aportando valores tanto al comercio como a las f\u00e1bricas<\/h2>\n\n<p>Bien hecho es mejor que bien dicho<\/p>\n\n<p>\u00a0<\/p>\n\n<p>\u00a0<\/p>\n\n<p>\u00a0<\/p>\n\n<p>\u00a0<\/p>\n\n<p>\u00a0<\/p>\n<\/div>\n<\/div>\n\n<p>\u00a0<\/p>\n\n<p class=\"has-text-align-center\">\u00a0<\/p>\n\n<p class=\"has-text-align-center\">Experiencia comercial para ofrecer una optima mediaci\u00f3n profesional<\/p>\n\n<p class=\"has-text-align-center\">\u00a0<\/p>\n\n<div class=\"wp-block-spacer\" style=\"height: 55px;\" aria-hidden=\"true\">\u00a0<\/div>\n\n<div class=\"wp-block-group alignfull has-background is-layout-flow wp-block-group-is-layout-flow\" style=\"background-color: #e5e9ec;\">\n<div class=\"wp-block-columns is-layout-flex wp-container-core-columns-is-layout-28f84493 wp-block-columns-is-layout-flex\">\n<div class=\"wp-block-column is-vertically-aligned-center is-layout-flow wp-block-column-is-layout-flow\">\n<h2 class=\"wp-block-heading\" style=\"text-align: center;\">Acerca de m\u00ed:<\/h2>\n\n<p style=\"text-align: center;\">Soy Rafael Le\u00f3n, agente comercial colegiado en C\u00f3rdoba. As\u00ed de complejo y sencillo al mismo tiempo y junto a esta vocaci\u00f3n, mucha ilusi\u00f3n, aprendizaje, trabajo y esfuerzo pero tambi\u00e9n, grandes vivencias, alegr\u00edas y recompensas. A lo largo de estos a\u00f1os, he tenido el privilegio de ganar experiencia y poder dedircame a lo que realmente me apasiona: Las ventas.<\/p>\n<p style=\"text-align: center;\"><\/p>\n<p style=\"text-align: center;\">Trabajo d\u00eda a d\u00eda para llevar a mis clientes los mejores productos de muebles y art\u00edculos de decoraci\u00f3n en diferentes estilos para el hogar y para el contract. Trabajo en exclusiva a nivel profesional, mis clientes son tiendas de mobiliario y decoraci\u00f3n, estudios de arquitectura e interiorismo, canal horeca e instalaciones.<\/p>\n<\/div>\n<div class=\"wp-block-column\">\n<figure class=\"wp-block-image size-full is-resized\"><img decoding=\"async\" class=\"wp-image-129 aligncenter\" src=\"http:\/\/rafaleon.es\/wp-content\/uploads\/2021\/11\/IMG-2964.jpg\" alt=\"\" width=\"255\" height=\"257\" srcset=\"https:\/\/rafaleon.es\/wp-content\/uploads\/2021\/11\/IMG-2964.jpg 750w, https:\/\/rafaleon.es\/wp-content\/uploads\/2021\/11\/IMG-2964-297x300.jpg 297w, https:\/\/rafaleon.es\/wp-content\/uploads\/2021\/11\/IMG-2964-150x150.jpg 150w\" sizes=\"(max-width: 255px) 100vw, 255px\" \/><\/figure>\n<\/div>\n<\/div>\n<\/div>\n\n<div class=\"wp-block-group alignfull has-vivid-red-color has-very-light-gray-to-cyan-bluish-gray-gradient-background has-text-color has-background is-layout-flow wp-block-group-is-layout-flow\">\n<div class=\"wp-block-group is-layout-flow wp-block-group-is-layout-flow\" style=\"text-align: center;\"><strong>Portadas de Cat\u00e1logos<\/strong><\/div>\n<\/div>\n\n<div class=\"wp-block-group has-global-padding is-layout-constrained wp-block-group-is-layout-constrained\">\n<div class=\"wp-block-group has-global-padding is-layout-constrained wp-block-group-is-layout-constrained\">\n<figure class=\"wp-block-gallery aligncenter has-nested-images columns-5 is-cropped wp-block-gallery-2 is-layout-flex wp-block-gallery-is-layout-flex\">\n<figure>\n<p style=\"padding-left: 40px;\">\u00a0<\/p>\n<div id='gallery-1' class='gallery galleryid-30 gallery-columns-4 gallery-size-thumbnail'><figure class='gallery-item'>\n\t\t\t<div class='gallery-icon landscape'>\n\t\t\t\t<img decoding=\"async\" data-id=\"800\" width=\"150\" height=\"150\" src=\"https:\/\/rafaleon.es\/wp-content\/uploads\/2021\/11\/moycor-catalogo-150x150.jpg\" class=\"attachment-thumbnail size-thumbnail\" alt=\"\" aria-describedby=\"gallery-1-395\" srcset=\"https:\/\/rafaleon.es\/wp-content\/uploads\/2021\/11\/moycor-catalogo-150x150.jpg 150w, https:\/\/rafaleon.es\/wp-content\/uploads\/2021\/11\/moycor-catalogo-300x300.jpg 300w, https:\/\/rafaleon.es\/wp-content\/uploads\/2021\/11\/moycor-catalogo-1024x1024.jpg 1024w, https:\/\/rafaleon.es\/wp-content\/uploads\/2021\/11\/moycor-catalogo-768x768.jpg 768w, https:\/\/rafaleon.es\/wp-content\/uploads\/2021\/11\/moycor-catalogo.jpg 1299w\" sizes=\"100vw\" \/>\n\t\t\t<\/div>\n\t\t\t\t<figcaption class='wp-caption-text gallery-caption' id='gallery-1-395'>\n\t\t\t\t www.moycor.com\n\t\t\t\t<\/figcaption><\/figure><figure class='gallery-item'>\n\t\t\t<div class='gallery-icon landscape'>\n\t\t\t\t<img loading=\"lazy\" decoding=\"async\" width=\"150\" height=\"150\" src=\"https:\/\/rafaleon.es\/wp-content\/uploads\/2021\/11\/element-150x150.jpg\" class=\"attachment-thumbnail size-thumbnail\" alt=\"\" aria-describedby=\"gallery-1-399\" sizes=\"100vw\" \/>\n\t\t\t<\/div>\n\t\t\t\t<figcaption class='wp-caption-text gallery-caption' id='gallery-1-399'>\n\t\t\t\t www.gdeco.es\n\t\t\t\t<\/figcaption><\/figure><figure class='gallery-item'>\n\t\t\t<div class='gallery-icon landscape'>\n\t\t\t\t<img loading=\"lazy\" decoding=\"async\" width=\"150\" height=\"150\" src=\"https:\/\/rafaleon.es\/wp-content\/uploads\/2023\/11\/Portada-Catalogo-G-deco-150x150.png\" class=\"attachment-thumbnail size-thumbnail\" alt=\"\" aria-describedby=\"gallery-1-1333\" sizes=\"100vw\" \/>\n\t\t\t<\/div>\n\t\t\t\t<figcaption class='wp-caption-text gallery-caption' id='gallery-1-1333'>\n\t\t\t\twww.gdeco.es\n\t\t\t\t<\/figcaption><\/figure><figure class='gallery-item'>\n\t\t\t<div class='gallery-icon landscape'>\n\t\t\t\t<img loading=\"lazy\" decoding=\"async\" width=\"150\" height=\"150\" src=\"https:\/\/rafaleon.es\/wp-content\/uploads\/2023\/11\/Portada-G-deco-150x150.png\" class=\"attachment-thumbnail size-thumbnail\" alt=\"\" aria-describedby=\"gallery-1-1334\" sizes=\"100vw\" \/>\n\t\t\t<\/div>\n\t\t\t\t<figcaption class='wp-caption-text gallery-caption' id='gallery-1-1334'>\n\t\t\t\twww.gdeco.es\n\t\t\t\t<\/figcaption><\/figure><figure class='gallery-item'>\n\t\t\t<div class='gallery-icon portrait'>\n\t\t\t\t<img loading=\"lazy\" decoding=\"async\" width=\"150\" height=\"150\" src=\"https:\/\/rafaleon.es\/wp-content\/uploads\/2021\/11\/LOCA2021-HOME-JAN-150x150.jpg\" class=\"attachment-thumbnail size-thumbnail\" alt=\"\" aria-describedby=\"gallery-1-426\" sizes=\"100vw\" \/>\n\t\t\t<\/div>\n\t\t\t\t<figcaption class='wp-caption-text gallery-caption' id='gallery-1-426'>\n\t\t\t\t www.locanera.it\n\t\t\t\t<\/figcaption><\/figure><figure class='gallery-item'>\n\t\t\t<div class='gallery-icon portrait'>\n\t\t\t\t<img loading=\"lazy\" decoding=\"async\" width=\"150\" height=\"150\" src=\"https:\/\/rafaleon.es\/wp-content\/uploads\/2022\/12\/catalogo-munoz-robles-150x150.jpg\" class=\"attachment-thumbnail size-thumbnail\" alt=\"\" aria-describedby=\"gallery-1-1170\" sizes=\"100vw\" \/>\n\t\t\t<\/div>\n\t\t\t\t<figcaption class='wp-caption-text gallery-caption' id='gallery-1-1170'>\n\t\t\t\twww.munozrobles.com\n\t\t\t\t<\/figcaption><\/figure><figure class='gallery-item'>\n\t\t\t<div class='gallery-icon landscape'>\n\t\t\t\t<img loading=\"lazy\" decoding=\"async\" width=\"150\" height=\"150\" src=\"https:\/\/rafaleon.es\/wp-content\/uploads\/2023\/11\/roco-outdoor-catalogo-150x150.jpg\" class=\"attachment-thumbnail size-thumbnail\" alt=\"\" aria-describedby=\"gallery-1-1335\" srcset=\"https:\/\/rafaleon.es\/wp-content\/uploads\/2023\/11\/roco-outdoor-catalogo-150x150.jpg 150w, https:\/\/rafaleon.es\/wp-content\/uploads\/2023\/11\/roco-outdoor-catalogo-300x300.jpg 300w, https:\/\/rafaleon.es\/wp-content\/uploads\/2023\/11\/roco-outdoor-catalogo-1024x1024.jpg 1024w, https:\/\/rafaleon.es\/wp-content\/uploads\/2023\/11\/roco-outdoor-catalogo-768x768.jpg 768w, https:\/\/rafaleon.es\/wp-content\/uploads\/2023\/11\/roco-outdoor-catalogo.jpg 1080w\" sizes=\"100vw\" \/>\n\t\t\t<\/div>\n\t\t\t\t<figcaption class='wp-caption-text gallery-caption' id='gallery-1-1335'>\n\t\t\t\twww.roco.es\n\t\t\t\t<\/figcaption><\/figure><figure class='gallery-item'>\n\t\t\t<div class='gallery-icon landscape'>\n\t\t\t\t<img loading=\"lazy\" decoding=\"async\" width=\"150\" height=\"150\" src=\"https:\/\/rafaleon.es\/wp-content\/uploads\/2023\/11\/Catalogo-indoor-outdoor-roco-1-e1699894800712-150x150.jpg\" class=\"attachment-thumbnail size-thumbnail\" alt=\"\" aria-describedby=\"gallery-1-1336\" sizes=\"100vw\" \/>\n\t\t\t<\/div>\n\t\t\t\t<figcaption class='wp-caption-text gallery-caption' id='gallery-1-1336'>\n\t\t\t\twww.roco.es\n\t\t\t\t<\/figcaption><\/figure><figure class='gallery-item'>\n\t\t\t<div class='gallery-icon landscape'>\n\t\t\t\t<img loading=\"lazy\" decoding=\"async\" width=\"150\" height=\"150\" src=\"https:\/\/rafaleon.es\/wp-content\/uploads\/2022\/10\/portada-romero-2022-150x150.jpg\" class=\"attachment-thumbnail size-thumbnail\" alt=\"\" aria-describedby=\"gallery-1-1087\" srcset=\"https:\/\/rafaleon.es\/wp-content\/uploads\/2022\/10\/portada-romero-2022-150x150.jpg 150w, https:\/\/rafaleon.es\/wp-content\/uploads\/2022\/10\/portada-romero-2022-300x300.jpg 300w, https:\/\/rafaleon.es\/wp-content\/uploads\/2022\/10\/portada-romero-2022-1024x1024.jpg 1024w, https:\/\/rafaleon.es\/wp-content\/uploads\/2022\/10\/portada-romero-2022-768x768.jpg 768w, https:\/\/rafaleon.es\/wp-content\/uploads\/2022\/10\/portada-romero-2022.jpg 1200w\" sizes=\"100vw\" \/>\n\t\t\t<\/div>\n\t\t\t\t<figcaption class='wp-caption-text gallery-caption' id='gallery-1-1087'>\n\t\t\t\twww.mueblesromerohosteleria.com\n\t\t\t\t<\/figcaption><\/figure>\n\t\t<\/div>\n\n<\/figure>\n<figure><\/figure>\n<figure>\u00a0<\/figure>\n<\/figure>\n\n<div class=\"wp-block-group has-global-padding is-layout-constrained wp-block-group-is-layout-constrained\">\u00a0<\/div>\n<\/div>\n<\/div>\n\n<div class=\"wp-block-spacer\" style=\"height: 100px;\" aria-hidden=\"true\">\u00a0<\/div>\n\n<div class=\"wp-block-cover alignfull is-light has-parallax is-position-center-center\" style=\"min-height: 375px;aspect-ratio:unset;\">\n<div class=\"wp-block-cover__image-background wp-image-430 has-parallax\" style=\"background-position: 50% 50%; background-image: url('http:\/\/rafaleon.es\/wp-content\/uploads\/2021\/11\/Diseno-sin-titulo-3.jpg');\" role=\"img\">\u00a0<\/div>\n<div class=\"wp-block-cover__inner-container is-layout-flow wp-block-cover-is-layout-flow\">\n<p class=\"has-text-align-center has-text-color has-huge-font-size\" style=\"color: #fffffa; line-height: 1.1;\"><strong>Estamos presentes en las ferias m\u00e1s importantes del sector<\/strong><\/p>\n\n<p class=\"has-text-align-center\"><span style=\"color: #ff0000;\">ESPA\u00d1A, BELGICA, ITALIA, FRANCIA, POLONIA<\/span><\/p>\n\n<p class=\"has-text-align-center\">Descubre las \u00faltimas tendencias, colores y texturas en el showroon de cada fabricante. Organizaremos la visita<\/p>\n<\/div>\n<\/div>\n\n<div class=\"wp-block-spacer\" style=\"height: 100px;\" aria-hidden=\"true\">\u00a0<\/div>\n\n<p class=\"has-text-align-left\">Copyright \u00a9 2021 RAFAEL LE\u00d3N<\/p>\n\n<p class=\"has-text-align-left has-text-color\" style=\"color: #e1c406;\"><a href=\"http:\/\/rafaleon.es\/?page_id=628\">Pol\u00edtica de Privacidad<\/a><\/p>\n\n<p class=\"has-text-align-left has-text-color\" style=\"color: #e1c406;\"><a href=\"http:\/\/rafaleon.es\/?page_id=662\">Pol\u00edtica de Cookies<\/a><\/p>\n\n<p>\u00a0<\/p>\n\t\t\t\t\t\t\t\t<\/div>\n\t\t\t\t<\/div>\n\t\t\t\t\t<\/div>\n\t\t<\/div>\n\t\t\t\t\t<\/div>\n\t\t<\/section>\n\t\t\t\t<\/div>\n\t\t","protected":false},"excerpt":{"rendered":"<p>\u00a0 \u00a0 Experiencia comercial para ofrecer una optima mediaci\u00f3n profesional \u00a0 Acerca de m\u00ed: Soy Rafael Le\u00f3n, agente comercial colegiado en C\u00f3rdoba. As\u00ed de complejo y sencillo al mismo tiempo y junto a esta vocaci\u00f3n, mucha ilusi\u00f3n, aprendizaje, trabajo y esfuerzo pero tambi\u00e9n, grandes vivencias, alegr\u00edas y recompensas. A lo largo de estos a\u00f1os, he &hellip; <\/p>\n<p class=\"link-more\"><a href=\"https:\/\/rafaleon.es\/\" class=\"more-link\">Leer m\u00e1s<span class=\"screen-reader-text\"> \u00abRepresentante de muebles y art\u00edculos de decoraci\u00f3n\u00bb<\/span><\/a><\/p>\n","protected":false},"author":1,"featured_media":29,"parent":0,"menu_order":0,"comment_status":"closed","ping_status":"closed","template":"","meta":{"_acf_changed":false,"_monsterinsights_skip_tracking":false,"_monsterinsights_sitenote_active":false,"_monsterinsights_sitenote_note":"","_monsterinsights_sitenote_category":0,"footnotes":""},"class_list":["post-30","page","type-page","status-publish","has-post-thumbnail","hentry"],"acf":[],"yoast_head":"<!-- This site is optimized with the Yoast SEO plugin v26.5 - https:\/\/yoast.com\/wordpress\/plugins\/seo\/ -->\n<title>Representante de muebles y art\u00edculos de decoraci\u00f3n - RAFAEL LE\u00d3N<\/title>\n<meta name=\"description\" content=\"representante de muebles\" \/>\n<meta name=\"robots\" content=\"index, follow, max-snippet:-1, max-image-preview:large, max-video-preview:-1\" \/>\n<link rel=\"canonical\" href=\"https:\/\/rafaleon.es\/\" \/>\n<meta property=\"og:locale\" content=\"es_ES\" \/>\n<meta property=\"og:type\" content=\"article\" \/>\n<meta property=\"og:title\" content=\"Representante de muebles y art\u00edculos de decoraci\u00f3n - RAFAEL LE\u00d3N\" \/>\n<meta property=\"og:description\" content=\"representante de muebles\" \/>\n<meta property=\"og:url\" content=\"https:\/\/rafaleon.es\/\" \/>\n<meta property=\"og:site_name\" content=\"RAFAEL LE\u00d3N\" \/>\n<meta property=\"article:modified_time\" content=\"2024-10-29T17:23:34+00:00\" \/>\n<meta property=\"og:image\" content=\"http:\/\/rafaleon.es\/wp-content\/uploads\/2021\/11\/StockSnap_M6D1GS9PSL.jpg\" \/>\n\t<meta property=\"og:image:width\" content=\"2300\" \/>\n\t<meta property=\"og:image:height\" content=\"1515\" \/>\n\t<meta property=\"og:image:type\" content=\"image\/jpeg\" \/>\n<meta name=\"twitter:card\" content=\"summary_large_image\" \/>\n<meta name=\"twitter:label1\" content=\"Tiempo de lectura\" \/>\n\t<meta name=\"twitter:data1\" content=\"2 minutos\" \/>\n<script type=\"application\/ld+json\" class=\"yoast-schema-graph\">{\"@context\":\"https:\/\/schema.org\",\"@graph\":[{\"@type\":\"WebPage\",\"@id\":\"https:\/\/rafaleon.es\/\",\"url\":\"https:\/\/rafaleon.es\/\",\"name\":\"Representante de muebles y art\u00edculos de decoraci\u00f3n - RAFAEL LE\u00d3N\",\"isPartOf\":{\"@id\":\"https:\/\/rafaleon.es\/#website\"},\"primaryImageOfPage\":{\"@id\":\"https:\/\/rafaleon.es\/#primaryimage\"},\"image\":{\"@id\":\"https:\/\/rafaleon.es\/#primaryimage\"},\"thumbnailUrl\":\"https:\/\/rafaleon.es\/wp-content\/uploads\/2021\/11\/StockSnap_M6D1GS9PSL.jpg\",\"datePublished\":\"2021-11-04T12:20:40+00:00\",\"dateModified\":\"2024-10-29T17:23:34+00:00\",\"description\":\"representante de muebles\",\"breadcrumb\":{\"@id\":\"https:\/\/rafaleon.es\/#breadcrumb\"},\"inLanguage\":\"es\",\"potentialAction\":[{\"@type\":\"ReadAction\",\"target\":[\"https:\/\/rafaleon.es\/\"]}]},{\"@type\":\"ImageObject\",\"inLanguage\":\"es\",\"@id\":\"https:\/\/rafaleon.es\/#primaryimage\",\"url\":\"https:\/\/rafaleon.es\/wp-content\/uploads\/2021\/11\/StockSnap_M6D1GS9PSL.jpg\",\"contentUrl\":\"https:\/\/rafaleon.es\/wp-content\/uploads\/2021\/11\/StockSnap_M6D1GS9PSL.jpg\",\"width\":2300,\"height\":1515},{\"@type\":\"BreadcrumbList\",\"@id\":\"https:\/\/rafaleon.es\/#breadcrumb\",\"itemListElement\":[{\"@type\":\"ListItem\",\"position\":1,\"name\":\"Portada\",\"item\":\"https:\/\/rafaleon.es\/\"},{\"@type\":\"ListItem\",\"position\":2,\"name\":\"Representante de muebles y art\u00edculos de decoraci\u00f3n\"}]},{\"@type\":\"WebSite\",\"@id\":\"https:\/\/rafaleon.es\/#website\",\"url\":\"https:\/\/rafaleon.es\/\",\"name\":\"RAFAEL LE\u00d3N\",\"description\":\"REPRESENTACIONES DE MUEBLES Y ART\u00cdCULOS DE DECORACI\u00d3N\",\"potentialAction\":[{\"@type\":\"SearchAction\",\"target\":{\"@type\":\"EntryPoint\",\"urlTemplate\":\"https:\/\/rafaleon.es\/?s={search_term_string}\"},\"query-input\":{\"@type\":\"PropertyValueSpecification\",\"valueRequired\":true,\"valueName\":\"search_term_string\"}}],\"inLanguage\":\"es\"}]}<\/script>\n<!-- \/ Yoast SEO plugin. -->","yoast_head_json":{"title":"Representante de muebles y art\u00edculos de decoraci\u00f3n - RAFAEL LE\u00d3N","description":"representante de muebles","robots":{"index":"index","follow":"follow","max-snippet":"max-snippet:-1","max-image-preview":"max-image-preview:large","max-video-preview":"max-video-preview:-1"},"canonical":"https:\/\/rafaleon.es\/","og_locale":"es_ES","og_type":"article","og_title":"Representante de muebles y art\u00edculos de decoraci\u00f3n - RAFAEL LE\u00d3N","og_description":"representante de muebles","og_url":"https:\/\/rafaleon.es\/","og_site_name":"RAFAEL LE\u00d3N","article_modified_time":"2024-10-29T17:23:34+00:00","og_image":[{"width":2300,"height":1515,"url":"http:\/\/rafaleon.es\/wp-content\/uploads\/2021\/11\/StockSnap_M6D1GS9PSL.jpg","type":"image\/jpeg"}],"twitter_card":"summary_large_image","twitter_misc":{"Tiempo de lectura":"2 minutos"},"schema":{"@context":"https:\/\/schema.org","@graph":[{"@type":"WebPage","@id":"https:\/\/rafaleon.es\/","url":"https:\/\/rafaleon.es\/","name":"Representante de muebles y art\u00edculos de decoraci\u00f3n - RAFAEL LE\u00d3N","isPartOf":{"@id":"https:\/\/rafaleon.es\/#website"},"primaryImageOfPage":{"@id":"https:\/\/rafaleon.es\/#primaryimage"},"image":{"@id":"https:\/\/rafaleon.es\/#primaryimage"},"thumbnailUrl":"https:\/\/rafaleon.es\/wp-content\/uploads\/2021\/11\/StockSnap_M6D1GS9PSL.jpg","datePublished":"2021-11-04T12:20:40+00:00","dateModified":"2024-10-29T17:23:34+00:00","description":"representante de muebles","breadcrumb":{"@id":"https:\/\/rafaleon.es\/#breadcrumb"},"inLanguage":"es","potentialAction":[{"@type":"ReadAction","target":["https:\/\/rafaleon.es\/"]}]},{"@type":"ImageObject","inLanguage":"es","@id":"https:\/\/rafaleon.es\/#primaryimage","url":"https:\/\/rafaleon.es\/wp-content\/uploads\/2021\/11\/StockSnap_M6D1GS9PSL.jpg","contentUrl":"https:\/\/rafaleon.es\/wp-content\/uploads\/2021\/11\/StockSnap_M6D1GS9PSL.jpg","width":2300,"height":1515},{"@type":"BreadcrumbList","@id":"https:\/\/rafaleon.es\/#breadcrumb","itemListElement":[{"@type":"ListItem","position":1,"name":"Portada","item":"https:\/\/rafaleon.es\/"},{"@type":"ListItem","position":2,"name":"Representante de muebles y art\u00edculos de decoraci\u00f3n"}]},{"@type":"WebSite","@id":"https:\/\/rafaleon.es\/#website","url":"https:\/\/rafaleon.es\/","name":"RAFAEL LE\u00d3N","description":"REPRESENTACIONES DE MUEBLES Y ART\u00cdCULOS DE DECORACI\u00d3N","potentialAction":[{"@type":"SearchAction","target":{"@type":"EntryPoint","urlTemplate":"https:\/\/rafaleon.es\/?s={search_term_string}"},"query-input":{"@type":"PropertyValueSpecification","valueRequired":true,"valueName":"search_term_string"}}],"inLanguage":"es"}]}},"_links":{"self":[{"href":"https:\/\/rafaleon.es\/index.php?rest_route=\/wp\/v2\/pages\/30","targetHints":{"allow":["GET"]}}],"collection":[{"href":"https:\/\/rafaleon.es\/index.php?rest_route=\/wp\/v2\/pages"}],"about":[{"href":"https:\/\/rafaleon.es\/index.php?rest_route=\/wp\/v2\/types\/page"}],"author":[{"embeddable":true,"href":"https:\/\/rafaleon.es\/index.php?rest_route=\/wp\/v2\/users\/1"}],"replies":[{"embeddable":true,"href":"https:\/\/rafaleon.es\/index.php?rest_route=%2Fwp%2Fv2%2Fcomments&post=30"}],"version-history":[{"count":292,"href":"https:\/\/rafaleon.es\/index.php?rest_route=\/wp\/v2\/pages\/30\/revisions"}],"predecessor-version":[{"id":1412,"href":"https:\/\/rafaleon.es\/index.php?rest_route=\/wp\/v2\/pages\/30\/revisions\/1412"}],"wp:featuredmedia":[{"embeddable":true,"href":"https:\/\/rafaleon.es\/index.php?rest_route=\/wp\/v2\/media\/29"}],"wp:attachment":[{"href":"https:\/\/rafaleon.es\/index.php?rest_route=%2Fwp%2Fv2%2Fmedia&parent=30"}],"curies":[{"name":"wp","href":"https:\/\/api.w.org\/{rel}","templated":true}]}}