{"id":469,"date":"2021-11-16T16:47:10","date_gmt":"2021-11-16T16:47:10","guid":{"rendered":"http:\/\/rafaleon.es\/?page_id=469"},"modified":"2025-01-30T17:22:09","modified_gmt":"2025-01-30T17:22:09","slug":"fabricas-y-zonas","status":"publish","type":"page","link":"https:\/\/rafaleon.es\/?page_id=469","title":{"rendered":"Zonas"},"content":{"rendered":"\t\t<div data-elementor-type=\"wp-page\" data-elementor-id=\"469\" class=\"elementor elementor-469\">\n\t\t\t\t\t\t<section class=\"elementor-section elementor-top-section elementor-element elementor-element-f53776d elementor-section-boxed elementor-section-height-default elementor-section-height-default\" data-id=\"f53776d\" data-element_type=\"section\">\n\t\t\t\t\t\t<div class=\"elementor-container elementor-column-gap-default\">\n\t\t\t\t\t<div class=\"elementor-column elementor-col-100 elementor-top-column elementor-element elementor-element-5e4037dd\" data-id=\"5e4037dd\" data-element_type=\"column\">\n\t\t\t<div class=\"elementor-widget-wrap elementor-element-populated\">\n\t\t\t\t\t\t<div class=\"elementor-element elementor-element-57a2fbb8 elementor-widget elementor-widget-text-editor\" data-id=\"57a2fbb8\" data-element_type=\"widget\" data-widget_type=\"text-editor.default\">\n\t\t\t\t<div class=\"elementor-widget-container\">\n\t\t\t\t\t\t\t\t\t<p><\/p>\n<div id=\"block-9e0ce7d6-3396-4e1a-a039-f2cfd13b607d\" class=\"wp-block-image is-style-default\">\n<figure class=\"aligncenter is-resized\">\n<p><img fetchpriority=\"high\" decoding=\"async\" class=\"aligncenter wp-image-1351\" src=\"http:\/\/rafaleon.es\/wp-content\/uploads\/2023\/12\/catedral-de-jaen-1024x576.webp\" alt=\"\" width=\"500\" height=\"281\" srcset=\"https:\/\/rafaleon.es\/wp-content\/uploads\/2023\/12\/catedral-de-jaen-1024x576.webp 1024w, https:\/\/rafaleon.es\/wp-content\/uploads\/2023\/12\/catedral-de-jaen-300x169.webp 300w, https:\/\/rafaleon.es\/wp-content\/uploads\/2023\/12\/catedral-de-jaen-768x432.webp 768w, https:\/\/rafaleon.es\/wp-content\/uploads\/2023\/12\/catedral-de-jaen-1536x864.webp 1536w, https:\/\/rafaleon.es\/wp-content\/uploads\/2023\/12\/catedral-de-jaen.webp 1900w\" sizes=\"(max-width: 500px) 100vw, 500px\" \/><\/p>\n<figcaption><strong><a href=\"http:\/\/es.wikipedia.org\/wiki\/Ja\u00e9n\"><span class=\"has-inline-color\" style=\"color: #e1c406;\">JA\u00c9N<\/span><\/a><br \/><\/strong><\/figcaption>\n<\/figure>\n<\/div>\n<p><\/p>\n<div class=\"wp-block-group alignfull is-layout-flow wp-block-group-is-layout-flow\">\n<p><\/p>\n<div class=\"wp-block-columns alignwide is-layout-flex wp-container-core-columns-is-layout-28f84493 wp-block-columns-is-layout-flex\">\n<p><\/p>\n<div class=\"wp-block-column is-vertically-aligned-top is-layout-flow wp-block-column-is-layout-flow\" style=\"flex-basis: 100%;\">\n<p><\/p>\n<div class=\"wp-block-group is-layout-flow wp-block-group-is-layout-flow\">\n<p><\/p>\n<div class=\"wp-block-columns is-layout-flex wp-container-core-columns-is-layout-28f84493 wp-block-columns-is-layout-flex\">\n<p><\/p>\n<div class=\"wp-block-column is-layout-flow wp-block-column-is-layout-flow\" style=\"flex-basis: 100%;\">\n<p><\/p>\n<figure class=\"wp-block-pullquote\">\n<div id='gallery-1' class='gallery galleryid-469 gallery-columns-3 gallery-size-medium'><figure class='gallery-item'>\n\t\t\t<div class='gallery-icon landscape'>\n\t\t\t\t<img decoding=\"async\" width=\"194\" height=\"32\" src=\"https:\/\/rafaleon.es\/wp-content\/uploads\/2021\/11\/L\u00b4oca-Nera-1.jpg\" class=\"attachment-medium size-medium\" alt=\"\" sizes=\"100vw\" \/>\n\t\t\t<\/div><\/figure>\n\t\t<\/div>\n\n<\/figure>\n<p><\/p>\n<\/div>\n<p><\/p>\n<\/div>\n<p><\/p>\n<p><\/p>\n<\/div>\n<p><\/p>\n<\/div>\n<p><\/p>\n<\/div>\n<p><\/p>\n<\/div>\n<p><\/p>\n<div id=\"block-e951a477-326b-4ac9-9f38-c839f3c0bd4d\" class=\"wp-block-image\">\n<figure class=\"aligncenter is-resized\"><img decoding=\"async\" class=\"aligncenter\" src=\"http:\/\/rafaleon.es\/wp-content\/uploads\/2021\/11\/cordoba-1.jpg\" alt=\"La imagen tiene un atributo ALT vac\u00edo; su nombre de archivo es cordoba-1.jpg\" width=\"475\" height=\"300\" \/>\n<p>\u00a0<\/p>\n<figcaption><strong><a href=\"http:\/\/es.wikipedia.org\/wiki\/C\u00f3rdoba_(Espa\u00f1a)\"><span class=\"has-inline-color\" style=\"color: #e1c406;\">C\u00d3RDOBA<\/span><\/a><\/strong><\/figcaption>\n<\/figure>\n<\/div>\n<p><\/p>\n<div class=\"wp-block-group is-layout-flow wp-block-group-is-layout-flow\">\n<p><\/p>\n<div class=\"wp-block-group is-layout-flow wp-block-group-is-layout-flow\">\n<p><\/p>\n<div class=\"wp-block-columns is-layout-flex wp-container-core-columns-is-layout-28f84493 wp-block-columns-is-layout-flex\">\n<p><\/p>\n<div class=\"wp-block-column is-layout-flow wp-block-column-is-layout-flow\" style=\"flex-basis: 100%;\">\n<p><\/p>\n<figure class=\"wp-block-pullquote\">\n<blockquote>\n<div id='gallery-2' class='gallery galleryid-469 gallery-columns-4 gallery-size-thumbnail'><figure class='gallery-item'>\n\t\t\t<div class='gallery-icon landscape'>\n\t\t\t\t<img loading=\"lazy\" decoding=\"async\" width=\"88\" height=\"44\" src=\"https:\/\/rafaleon.es\/wp-content\/uploads\/2021\/11\/Logo-Moycor.jpg\" class=\"attachment-thumbnail size-thumbnail\" alt=\"\" sizes=\"100vw\" \/>\n\t\t\t<\/div><\/figure><figure class='gallery-item'>\n\t\t\t<div class='gallery-icon landscape'>\n\t\t\t\t<img loading=\"lazy\" decoding=\"async\" width=\"105\" height=\"43\" src=\"https:\/\/rafaleon.es\/wp-content\/uploads\/2021\/11\/Logo-Romero-1.png\" class=\"attachment-thumbnail size-thumbnail\" alt=\"\" sizes=\"100vw\" \/>\n\t\t\t<\/div><\/figure><figure class='gallery-item'>\n\t\t\t<div class='gallery-icon landscape'>\n\t\t\t\t<img loading=\"lazy\" decoding=\"async\" width=\"90\" height=\"90\" src=\"https:\/\/rafaleon.es\/wp-content\/uploads\/2021\/11\/Logo-Rocco.svg\" class=\"attachment-thumbnail size-thumbnail\" alt=\"\" sizes=\"100vw\" \/>\n\t\t\t<\/div><\/figure><figure class='gallery-item'>\n\t\t\t<div class='gallery-icon landscape'>\n\t\t\t\t<img loading=\"lazy\" decoding=\"async\" width=\"150\" height=\"150\" src=\"https:\/\/rafaleon.es\/wp-content\/uploads\/2021\/11\/g-deco-150x150.jpg\" class=\"attachment-thumbnail size-thumbnail\" alt=\"\" srcset=\"https:\/\/rafaleon.es\/wp-content\/uploads\/2021\/11\/g-deco-150x150.jpg 150w, https:\/\/rafaleon.es\/wp-content\/uploads\/2021\/11\/g-deco.jpg 200w\" sizes=\"100vw\" \/>\n\t\t\t<\/div><\/figure><figure class='gallery-item'>\n\t\t\t<div class='gallery-icon landscape'>\n\t\t\t\t<img loading=\"lazy\" decoding=\"async\" width=\"150\" height=\"32\" src=\"https:\/\/rafaleon.es\/wp-content\/uploads\/2021\/11\/L\u00b4oca-Nera-150x32.jpg\" class=\"attachment-thumbnail size-thumbnail\" alt=\"\" sizes=\"100vw\" \/>\n\t\t\t<\/div><\/figure><figure class='gallery-item'>\n\t\t\t<div class='gallery-icon portrait'>\n\t\t\t\t<img loading=\"lazy\" decoding=\"async\" width=\"150\" height=\"150\" src=\"https:\/\/rafaleon.es\/wp-content\/uploads\/2022\/12\/logo-munoz-robles-150x150.jpg\" class=\"attachment-thumbnail size-thumbnail\" alt=\"\" sizes=\"100vw\" \/>\n\t\t\t<\/div><\/figure>\n\t\t<\/div>\n\n<p>\u00a0<\/p>\n<\/blockquote>\n<\/figure>\n<p><\/p>\n<\/div>\n<p><\/p>\n<\/div>\n<p><\/p>\n<\/div>\n<p><\/p>\n<\/div>\n<p><\/p>\n<p style=\"text-align: center;\">\u00a0<\/p>\n<p><\/p>\n<\/div>\n<p><!-- \/wp:group --><!-- wp:paragraph --><\/p>\n<p><!-- \/wp:paragraph --><!-- wp:group {\"backgroundColor\":\"black\"} --><\/p>\n<div class=\"wp-block-group has-black-background-color has-background\">\n<p><!-- wp:columns --><\/p>\n<div class=\"wp-block-columns\">\n<p><!-- wp:column {\"textColor\":\"white\"} --><\/p>\n<div class=\"wp-block-column has-white-color has-text-color\">\n<p><!-- wp:paragraph {\"align\":\"left\"} --><\/p>\n<p class=\"has-text-align-left\"><strong>Si deseas ampliar informaci\u00f3n (cat\u00e1logos, tarifas, claves\u2026) de mis firmas, no dudes en contactar por e-mail u otro medio.<\/strong><\/p>\n<p><!-- \/wp:paragraph --><!-- wp:paragraph {\"align\":\"left\"} --><\/p>\n<p class=\"has-text-align-left\"><span style=\"color: #e1c406;\">representacionesleon@gmail.com<\/span><\/p>\n<p><!-- \/wp:paragraph --><!-- wp:paragraph {\"align\":\"left\"} --><\/p>\n<p class=\"has-text-align-left\"><span style=\"color: #e1c406;\">678483058<\/span><\/p>\n<p><!-- \/wp:paragraph --><\/p>\n<\/div>\n<p><!-- \/wp:column --><\/p>\n<\/div>\n<p><!-- \/wp:columns --><\/p>\n<\/div>\n<p><!-- \/wp:group --><\/p>\t\t\t\t\t\t\t\t<\/div>\n\t\t\t\t<\/div>\n\t\t\t\t\t<\/div>\n\t\t<\/div>\n\t\t\t\t\t<\/div>\n\t\t<\/section>\n\t\t\t\t<\/div>\n\t\t","protected":false},"excerpt":{"rendered":"<p>\u00a0 \u00a0 Si deseas ampliar informaci\u00f3n (cat\u00e1logos, tarifas, claves\u2026) de mis firmas, no dudes en contactar por e-mail u otro medio. representacionesleon@gmail.com 678483058<\/p>\n","protected":false},"author":1,"featured_media":0,"parent":0,"menu_order":0,"comment_status":"closed","ping_status":"closed","template":"","meta":{"_acf_changed":false,"_monsterinsights_skip_tracking":false,"_monsterinsights_sitenote_active":false,"_monsterinsights_sitenote_note":"","_monsterinsights_sitenote_category":0,"footnotes":""},"class_list":["post-469","page","type-page","status-publish","hentry"],"acf":[],"yoast_head":"<!-- This site is optimized with the Yoast SEO plugin v26.5 - https:\/\/yoast.com\/wordpress\/plugins\/seo\/ -->\n<title>Zonas - RAFAEL LE\u00d3N<\/title>\n<meta name=\"robots\" content=\"index, follow, max-snippet:-1, max-image-preview:large, max-video-preview:-1\" \/>\n<link rel=\"canonical\" href=\"https:\/\/rafaleon.es\/?page_id=469\" \/>\n<meta property=\"og:locale\" content=\"es_ES\" \/>\n<meta property=\"og:type\" content=\"article\" \/>\n<meta property=\"og:title\" content=\"Zonas - RAFAEL LE\u00d3N\" \/>\n<meta property=\"og:description\" content=\"\u00a0 \u00a0 Si deseas ampliar informaci\u00f3n (cat\u00e1logos, tarifas, claves\u2026) de mis firmas, no dudes en contactar por e-mail u otro medio. representacionesleon@gmail.com 678483058\" \/>\n<meta property=\"og:url\" content=\"https:\/\/rafaleon.es\/?page_id=469\" \/>\n<meta property=\"og:site_name\" content=\"RAFAEL LE\u00d3N\" \/>\n<meta property=\"article:modified_time\" content=\"2025-01-30T17:22:09+00:00\" \/>\n<meta property=\"og:image\" content=\"http:\/\/rafaleon.es\/wp-content\/uploads\/2021\/11\/L\u00b4oca-Nera-1.jpg\" \/>\n<meta name=\"twitter:card\" content=\"summary_large_image\" \/>\n<meta name=\"twitter:label1\" content=\"Tiempo de lectura\" \/>\n\t<meta name=\"twitter:data1\" content=\"1 minuto\" \/>\n<script type=\"application\/ld+json\" class=\"yoast-schema-graph\">{\"@context\":\"https:\/\/schema.org\",\"@graph\":[{\"@type\":\"WebPage\",\"@id\":\"https:\/\/rafaleon.es\/?page_id=469\",\"url\":\"https:\/\/rafaleon.es\/?page_id=469\",\"name\":\"Zonas - RAFAEL LE\u00d3N\",\"isPartOf\":{\"@id\":\"https:\/\/rafaleon.es\/#website\"},\"primaryImageOfPage\":{\"@id\":\"https:\/\/rafaleon.es\/?page_id=469#primaryimage\"},\"image\":{\"@id\":\"https:\/\/rafaleon.es\/?page_id=469#primaryimage\"},\"thumbnailUrl\":\"http:\/\/rafaleon.es\/wp-content\/uploads\/2023\/12\/catedral-de-jaen-1024x576.webp\",\"datePublished\":\"2021-11-16T16:47:10+00:00\",\"dateModified\":\"2025-01-30T17:22:09+00:00\",\"breadcrumb\":{\"@id\":\"https:\/\/rafaleon.es\/?page_id=469#breadcrumb\"},\"inLanguage\":\"es\",\"potentialAction\":[{\"@type\":\"ReadAction\",\"target\":[\"https:\/\/rafaleon.es\/?page_id=469\"]}]},{\"@type\":\"ImageObject\",\"inLanguage\":\"es\",\"@id\":\"https:\/\/rafaleon.es\/?page_id=469#primaryimage\",\"url\":\"https:\/\/rafaleon.es\/wp-content\/uploads\/2023\/12\/catedral-de-jaen.webp\",\"contentUrl\":\"https:\/\/rafaleon.es\/wp-content\/uploads\/2023\/12\/catedral-de-jaen.webp\",\"width\":1900,\"height\":1069},{\"@type\":\"BreadcrumbList\",\"@id\":\"https:\/\/rafaleon.es\/?page_id=469#breadcrumb\",\"itemListElement\":[{\"@type\":\"ListItem\",\"position\":1,\"name\":\"Portada\",\"item\":\"https:\/\/rafaleon.es\/\"},{\"@type\":\"ListItem\",\"position\":2,\"name\":\"Zonas\"}]},{\"@type\":\"WebSite\",\"@id\":\"https:\/\/rafaleon.es\/#website\",\"url\":\"https:\/\/rafaleon.es\/\",\"name\":\"RAFAEL LE\u00d3N\",\"description\":\"REPRESENTACIONES DE MUEBLES Y ART\u00cdCULOS DE DECORACI\u00d3N\",\"potentialAction\":[{\"@type\":\"SearchAction\",\"target\":{\"@type\":\"EntryPoint\",\"urlTemplate\":\"https:\/\/rafaleon.es\/?s={search_term_string}\"},\"query-input\":{\"@type\":\"PropertyValueSpecification\",\"valueRequired\":true,\"valueName\":\"search_term_string\"}}],\"inLanguage\":\"es\"}]}<\/script>\n<!-- \/ Yoast SEO plugin. -->","yoast_head_json":{"title":"Zonas - RAFAEL LE\u00d3N","robots":{"index":"index","follow":"follow","max-snippet":"max-snippet:-1","max-image-preview":"max-image-preview:large","max-video-preview":"max-video-preview:-1"},"canonical":"https:\/\/rafaleon.es\/?page_id=469","og_locale":"es_ES","og_type":"article","og_title":"Zonas - RAFAEL LE\u00d3N","og_description":"\u00a0 \u00a0 Si deseas ampliar informaci\u00f3n (cat\u00e1logos, tarifas, claves\u2026) de mis firmas, no dudes en contactar por e-mail u otro medio. representacionesleon@gmail.com 678483058","og_url":"https:\/\/rafaleon.es\/?page_id=469","og_site_name":"RAFAEL LE\u00d3N","article_modified_time":"2025-01-30T17:22:09+00:00","og_image":[{"url":"http:\/\/rafaleon.es\/wp-content\/uploads\/2021\/11\/L\u00b4oca-Nera-1.jpg","type":"","width":"","height":""}],"twitter_card":"summary_large_image","twitter_misc":{"Tiempo de lectura":"1 minuto"},"schema":{"@context":"https:\/\/schema.org","@graph":[{"@type":"WebPage","@id":"https:\/\/rafaleon.es\/?page_id=469","url":"https:\/\/rafaleon.es\/?page_id=469","name":"Zonas - RAFAEL LE\u00d3N","isPartOf":{"@id":"https:\/\/rafaleon.es\/#website"},"primaryImageOfPage":{"@id":"https:\/\/rafaleon.es\/?page_id=469#primaryimage"},"image":{"@id":"https:\/\/rafaleon.es\/?page_id=469#primaryimage"},"thumbnailUrl":"http:\/\/rafaleon.es\/wp-content\/uploads\/2023\/12\/catedral-de-jaen-1024x576.webp","datePublished":"2021-11-16T16:47:10+00:00","dateModified":"2025-01-30T17:22:09+00:00","breadcrumb":{"@id":"https:\/\/rafaleon.es\/?page_id=469#breadcrumb"},"inLanguage":"es","potentialAction":[{"@type":"ReadAction","target":["https:\/\/rafaleon.es\/?page_id=469"]}]},{"@type":"ImageObject","inLanguage":"es","@id":"https:\/\/rafaleon.es\/?page_id=469#primaryimage","url":"https:\/\/rafaleon.es\/wp-content\/uploads\/2023\/12\/catedral-de-jaen.webp","contentUrl":"https:\/\/rafaleon.es\/wp-content\/uploads\/2023\/12\/catedral-de-jaen.webp","width":1900,"height":1069},{"@type":"BreadcrumbList","@id":"https:\/\/rafaleon.es\/?page_id=469#breadcrumb","itemListElement":[{"@type":"ListItem","position":1,"name":"Portada","item":"https:\/\/rafaleon.es\/"},{"@type":"ListItem","position":2,"name":"Zonas"}]},{"@type":"WebSite","@id":"https:\/\/rafaleon.es\/#website","url":"https:\/\/rafaleon.es\/","name":"RAFAEL LE\u00d3N","description":"REPRESENTACIONES DE MUEBLES Y ART\u00cdCULOS DE DECORACI\u00d3N","potentialAction":[{"@type":"SearchAction","target":{"@type":"EntryPoint","urlTemplate":"https:\/\/rafaleon.es\/?s={search_term_string}"},"query-input":{"@type":"PropertyValueSpecification","valueRequired":true,"valueName":"search_term_string"}}],"inLanguage":"es"}]}},"_links":{"self":[{"href":"https:\/\/rafaleon.es\/index.php?rest_route=\/wp\/v2\/pages\/469","targetHints":{"allow":["GET"]}}],"collection":[{"href":"https:\/\/rafaleon.es\/index.php?rest_route=\/wp\/v2\/pages"}],"about":[{"href":"https:\/\/rafaleon.es\/index.php?rest_route=\/wp\/v2\/types\/page"}],"author":[{"embeddable":true,"href":"https:\/\/rafaleon.es\/index.php?rest_route=\/wp\/v2\/users\/1"}],"replies":[{"embeddable":true,"href":"https:\/\/rafaleon.es\/index.php?rest_route=%2Fwp%2Fv2%2Fcomments&post=469"}],"version-history":[{"count":120,"href":"https:\/\/rafaleon.es\/index.php?rest_route=\/wp\/v2\/pages\/469\/revisions"}],"predecessor-version":[{"id":1421,"href":"https:\/\/rafaleon.es\/index.php?rest_route=\/wp\/v2\/pages\/469\/revisions\/1421"}],"wp:attachment":[{"href":"https:\/\/rafaleon.es\/index.php?rest_route=%2Fwp%2Fv2%2Fmedia&parent=469"}],"curies":[{"name":"wp","href":"https:\/\/api.w.org\/{rel}","templated":true}]}}