{"id":628,"date":"2021-11-19T18:45:44","date_gmt":"2021-11-19T18:45:44","guid":{"rendered":"http:\/\/rafaleon.es\/?page_id=628"},"modified":"2024-05-30T11:34:29","modified_gmt":"2024-05-30T11:34:29","slug":"politica-de-privacidad","status":"publish","type":"page","link":"https:\/\/rafaleon.es\/?page_id=628","title":{"rendered":"Pol\u00edtica de privacidad"},"content":{"rendered":"\n<p>Le invitamos a conocer la presente Pol\u00edtica de Privacidad con el fin de informarle de las modalidades de tratamiento de sus datos personales y de sus derechos. RAFAEL LE\u00d3N concede una gran importancia al respeto de la vida privada y toma todas las medidas necesarias para garantizar la confidencialidad y la seguridad de los datos personales de los Usuarios.<\/p>\n\n\n\n<h2 class=\"wp-block-heading\">Qui\u00e9nes soy<\/h2>\n\n\n\n<p>La direcci\u00f3n de la web es: http:\/\/rafaleon.es<\/p>\n\n\n\n<h2 class=\"wp-block-heading\">Responsable del tratamiento<\/h2>\n\n\n\n<p>RAFAEL LE\u00d3N<\/p>\n\n\n\n<p>C\u00f3rdoba<\/p>\n\n\n\n<p class=\"has-black-color has-text-color\"><strong>CORREO ELECTR\u00d3NICO:<\/strong>&nbsp; <\/p>\n\n\n\n<p class=\"has-text-color\" style=\"color:#e1c406\"><a href=\"mailto:representacionesleon@gmail.com\">representacionesleon@gmail.com<\/a><\/p>\n\n\n\n<p>TEL\u00c9FONO: +34&nbsp;678483058<\/p>\n\n\n\n<p>A efectos de lo previsto en el RGPD, la remisi\u00f3n o env\u00edo por parte del Usuario de datos de car\u00e1cter personal (datos relativos a personas identificadas o identificables) a trav\u00e9s de la web y el tratamiento posterior por nuestra parte, ser\u00e1 considerado como actividad de tratamiento de datos. Los datos de car\u00e1cter personal que se tratan en RAFAEL LE\u00d3N proceden de los distintos formularios existentes en la web.<\/p>\n\n\n\n<p>RAFAEL LE\u00d3N garantiza al Usuario que implementar\u00e1 las medidas t\u00e9cnicas y organizativas de seguridad oportunas en el tratamiento de dichos datos, con el fin de velar por la privacidad de la informaci\u00f3n.<\/p>\n\n\n\n<h2 class=\"wp-block-heading\">Finalidad del tratamiento y legitimaci\u00f3n<\/h2>\n\n\n\n<p>En RAFAEL LE\u00d3N tratamos los datos recabados a trav\u00e9s de los distintos formularios de la web con el fin de: gesti\u00f3n, estudio y resoluci\u00f3n de consultas relativas a la informaci\u00f3n incluida en la web y\/o sobre nuestros servicios; al tratamiento de datos, textos legales, reclamaciones, as\u00ed como cualesquiera otras cuestiones.<\/p>\n\n\n\n<p>El interesado ser\u00e1 el \u00fanico responsable a causa de la cumplimentaci\u00f3n de los formularios con datos falsos, inexactos, incompletos o no actualizados, exonerando a RAFAEL LE\u00d3N de cualquier responsabilidad al respecto. Los usuarios garantizan y responden, en cualquier caso, de la exactitud, vigencia y autenticidad de los datos personales facilitados y se comprometen a mantenerlos debidamente actualizados.<\/p>\n\n\n\n<h2 class=\"wp-block-heading\">Cookies<\/h2>\n\n\n\n<p>Si dejas un comentario en nuestro sitio puedes elegir guardar tu nombre, direcci\u00f3n de correo electr\u00f3nico y web en cookies. Esto es para tu comodidad, para que no tengas que volver a rellenar tus datos cuando dejes otro comentario. Estas cookies tendr\u00e1n una duraci\u00f3n de un a\u00f1o.<\/p>\n\n\n\n<p>Si tienes una cuenta y te conectas a este sitio, instalaremos una cookie temporal para determinar si tu navegador acepta cookies. Esta cookie no contiene datos personales y se elimina al cerrar el navegador.<\/p>\n\n\n\n<p>Cuando accedas, tambi\u00e9n instalaremos varias cookies para guardar tu informaci\u00f3n de acceso y tus opciones de visualizaci\u00f3n de pantalla. Las cookies de acceso duran dos d\u00edas, y las cookies de opciones de pantalla duran un a\u00f1o. Si seleccionas \u00abRecu\u00e9rdarme\u00bb, tu acceso perdurar\u00e1 durante dos semanas. Si sales de tu cuenta, las cookies de acceso se eliminar\u00e1n.<\/p>\n\n\n\n<p>Si editas o publicas un art\u00edculo se guardar\u00e1 una cookie adicional en tu navegador. Esta cookie no incluye datos personales y simplemente indica el ID del art\u00edculo que acabas de editar. Caduca despu\u00e9s de 1 d\u00eda.<\/p>\n\n\n\n<h2 class=\"wp-block-heading\">Contenido incrustado de otros sitios web<\/h2>\n\n\n\n<p>Los art\u00edculos de este sitio pueden incluir contenido incrustado (por ejemplo, v\u00eddeos, im\u00e1genes, art\u00edculos, etc.). El contenido incrustado de otras webs se comporta exactamente de la misma manera que si el visitante hubiera visitado la otra web.<\/p>\n\n\n\n<p>Estas web pueden recopilar datos sobre ti, utilizar cookies, incrustar un seguimiento adicional de terceros, y supervisar tu interacci\u00f3n con ese contenido incrustado, incluido el seguimiento de tu interacci\u00f3n con el contenido incrustado si tienes una cuenta y est\u00e1s conectado a esa web.<\/p>\n\n\n\n<p><strong>\u00bfCUAL ES LA BASE QUE NOS LEGITIMA PARA EL TRATAMIENTO DE SUS DATOS?<\/strong><\/p>\n\n\n\n<p>La base legal para el tratamiento de sus datos es el consentimiento. El tratamiento de sus datos est\u00e1 basado en su consentimiento expreso, el cual otorga al facilitar los datos que se le solicitan a trav\u00e9s de los formularios de la web y marcar la casilla de aceptaci\u00f3n de esta pol\u00edtica de privacidad.<\/p>\n\n\n\n<h2 class=\"wp-block-heading\">Cu\u00e1nto tiempo conservamos tus datos<\/h2>\n\n\n\n<p>Los datos personales proporcionados se conservar\u00e1n durante todo el tiempo que sea necesario para mantener la relaci\u00f3n profesional y\/o comercial entra ambas partes. En caso de que nos solicite la supresi\u00f3n de sus datos, siempre y cuando ello sea legalmente posible, los conservaremos por el tiempo m\u00ednimo de prescripci\u00f3n, estando bloqueados durante este per\u00edodo sin que puedan ser utilizados ni cedidos, salvo que sean requeridos por autoridades oficiales o Tribunales.<\/p>\n\n\n\n<h2 class=\"wp-block-heading\">Destinatarios de cesiones<\/h2>\n\n\n\n<p>RAFAEL LE\u00d3N no ceder\u00e1 a ning\u00fan tercero tus datos, excepto en los casos legalmente previstos.<\/p>\n\n\n\n<h2 class=\"wp-block-heading\">Confidencialidad<\/h2>\n\n\n\n<p>Los datos personales que se puedan recoger ser\u00e1n tratados con absoluta confidencialidad, comprometi\u00e9ndonos a guardar secreto respecto de los mismos y garantizando el deber de guardarlos adoptando todas las medidas necesarias que eviten su alteraci\u00f3n, p\u00e9rdida y tratamiento o acceso no autorizado, de acuerdo con lo establecido en la legislaci\u00f3n aplicable.<\/p>\n\n\n\n<h2 class=\"wp-block-heading\">Aceptaci\u00f3n y consentimiento<\/h2>\n\n\n\n<p>Usted, como Usuario, declara haber sido informado de las condiciones sobre protecci\u00f3n de datos de car\u00e1cter personal, aceptando y consintiendo el tratamiento de los mismos por parte de RAFAEL LE\u00d3N, en la forma y para las finalidades indicadas en esta pol\u00edtica de privacidad.<\/p>\n\n\n\n<h2 class=\"wp-block-heading\">Contacto<\/h2>\n\n\n\n<p>En caso de que el Usuario tuviese alguna duda acerca de nuestra pol\u00edtica de privacidad, por favor, dir\u00edjase a:<\/p>\n\n\n\n<p class=\"has-text-color\" style=\"color:#e1c406\">representacionesleon@gmail.com <\/p>\n\n\n\n<h2 class=\"wp-block-heading\">Modificaci\u00f3n de las condiciones de la pol\u00edtica de privacidad<\/h2>\n\n\n\n<p>RAFAEL L\u00c9ON se reserva expresamente el derecho a modificar la presente pol\u00edtica de privacidad para adaptarla a cualquier novedad legislativa, jurisprudencial o de cualquier otra \u00edndole.<\/p>\n","protected":false},"excerpt":{"rendered":"<p>Le invitamos a conocer la presente Pol\u00edtica de Privacidad con el fin de informarle de las modalidades de tratamiento de sus datos personales y de sus derechos. RAFAEL LE\u00d3N concede una gran importancia al respeto de la vida privada y toma todas las medidas necesarias para garantizar la confidencialidad y la seguridad de los datos &hellip; <\/p>\n<p class=\"link-more\"><a href=\"https:\/\/rafaleon.es\/?page_id=628\" class=\"more-link\">Leer m\u00e1s<span class=\"screen-reader-text\"> \u00abPol\u00edtica de privacidad\u00bb<\/span><\/a><\/p>\n","protected":false},"author":1,"featured_media":0,"parent":0,"menu_order":0,"comment_status":"closed","ping_status":"closed","template":"","meta":{"_acf_changed":false,"_monsterinsights_skip_tracking":false,"_monsterinsights_sitenote_active":false,"_monsterinsights_sitenote_note":"","_monsterinsights_sitenote_category":0,"footnotes":""},"class_list":["post-628","page","type-page","status-publish","hentry"],"acf":[],"yoast_head":"<!-- This site is optimized with the Yoast SEO plugin v26.5 - https:\/\/yoast.com\/wordpress\/plugins\/seo\/ -->\n<title>Pol\u00edtica de privacidad - RAFAEL LE\u00d3N<\/title>\n<meta name=\"robots\" content=\"index, follow, max-snippet:-1, max-image-preview:large, max-video-preview:-1\" \/>\n<link rel=\"canonical\" href=\"https:\/\/rafaleon.es\/?page_id=628\" \/>\n<meta property=\"og:locale\" content=\"es_ES\" \/>\n<meta property=\"og:type\" content=\"article\" \/>\n<meta property=\"og:title\" content=\"Pol\u00edtica de privacidad - RAFAEL LE\u00d3N\" \/>\n<meta property=\"og:description\" content=\"Le invitamos a conocer la presente Pol\u00edtica de Privacidad con el fin de informarle de las modalidades de tratamiento de sus datos personales y de sus derechos. RAFAEL LE\u00d3N concede una gran importancia al respeto de la vida privada y toma todas las medidas necesarias para garantizar la confidencialidad y la seguridad de los datos &hellip; Leer m\u00e1s \u00abPol\u00edtica de privacidad\u00bb\" \/>\n<meta property=\"og:url\" content=\"https:\/\/rafaleon.es\/?page_id=628\" \/>\n<meta property=\"og:site_name\" content=\"RAFAEL LE\u00d3N\" \/>\n<meta property=\"article:modified_time\" content=\"2024-05-30T11:34:29+00:00\" \/>\n<meta name=\"twitter:card\" content=\"summary_large_image\" \/>\n<meta name=\"twitter:label1\" content=\"Tiempo de lectura\" \/>\n\t<meta name=\"twitter:data1\" content=\"4 minutos\" \/>\n<script type=\"application\/ld+json\" class=\"yoast-schema-graph\">{\"@context\":\"https:\/\/schema.org\",\"@graph\":[{\"@type\":\"WebPage\",\"@id\":\"https:\/\/rafaleon.es\/?page_id=628\",\"url\":\"https:\/\/rafaleon.es\/?page_id=628\",\"name\":\"Pol\u00edtica de privacidad - RAFAEL LE\u00d3N\",\"isPartOf\":{\"@id\":\"https:\/\/rafaleon.es\/#website\"},\"datePublished\":\"2021-11-19T18:45:44+00:00\",\"dateModified\":\"2024-05-30T11:34:29+00:00\",\"breadcrumb\":{\"@id\":\"https:\/\/rafaleon.es\/?page_id=628#breadcrumb\"},\"inLanguage\":\"es\",\"potentialAction\":[{\"@type\":\"ReadAction\",\"target\":[\"https:\/\/rafaleon.es\/?page_id=628\"]}]},{\"@type\":\"BreadcrumbList\",\"@id\":\"https:\/\/rafaleon.es\/?page_id=628#breadcrumb\",\"itemListElement\":[{\"@type\":\"ListItem\",\"position\":1,\"name\":\"Portada\",\"item\":\"https:\/\/rafaleon.es\/\"},{\"@type\":\"ListItem\",\"position\":2,\"name\":\"Pol\u00edtica de privacidad\"}]},{\"@type\":\"WebSite\",\"@id\":\"https:\/\/rafaleon.es\/#website\",\"url\":\"https:\/\/rafaleon.es\/\",\"name\":\"RAFAEL LE\u00d3N\",\"description\":\"REPRESENTACIONES DE MUEBLES Y ART\u00cdCULOS DE DECORACI\u00d3N\",\"potentialAction\":[{\"@type\":\"SearchAction\",\"target\":{\"@type\":\"EntryPoint\",\"urlTemplate\":\"https:\/\/rafaleon.es\/?s={search_term_string}\"},\"query-input\":{\"@type\":\"PropertyValueSpecification\",\"valueRequired\":true,\"valueName\":\"search_term_string\"}}],\"inLanguage\":\"es\"}]}<\/script>\n<!-- \/ Yoast SEO plugin. -->","yoast_head_json":{"title":"Pol\u00edtica de privacidad - RAFAEL LE\u00d3N","robots":{"index":"index","follow":"follow","max-snippet":"max-snippet:-1","max-image-preview":"max-image-preview:large","max-video-preview":"max-video-preview:-1"},"canonical":"https:\/\/rafaleon.es\/?page_id=628","og_locale":"es_ES","og_type":"article","og_title":"Pol\u00edtica de privacidad - RAFAEL LE\u00d3N","og_description":"Le invitamos a conocer la presente Pol\u00edtica de Privacidad con el fin de informarle de las modalidades de tratamiento de sus datos personales y de sus derechos. RAFAEL LE\u00d3N concede una gran importancia al respeto de la vida privada y toma todas las medidas necesarias para garantizar la confidencialidad y la seguridad de los datos &hellip; Leer m\u00e1s \u00abPol\u00edtica de privacidad\u00bb","og_url":"https:\/\/rafaleon.es\/?page_id=628","og_site_name":"RAFAEL LE\u00d3N","article_modified_time":"2024-05-30T11:34:29+00:00","twitter_card":"summary_large_image","twitter_misc":{"Tiempo de lectura":"4 minutos"},"schema":{"@context":"https:\/\/schema.org","@graph":[{"@type":"WebPage","@id":"https:\/\/rafaleon.es\/?page_id=628","url":"https:\/\/rafaleon.es\/?page_id=628","name":"Pol\u00edtica de privacidad - RAFAEL LE\u00d3N","isPartOf":{"@id":"https:\/\/rafaleon.es\/#website"},"datePublished":"2021-11-19T18:45:44+00:00","dateModified":"2024-05-30T11:34:29+00:00","breadcrumb":{"@id":"https:\/\/rafaleon.es\/?page_id=628#breadcrumb"},"inLanguage":"es","potentialAction":[{"@type":"ReadAction","target":["https:\/\/rafaleon.es\/?page_id=628"]}]},{"@type":"BreadcrumbList","@id":"https:\/\/rafaleon.es\/?page_id=628#breadcrumb","itemListElement":[{"@type":"ListItem","position":1,"name":"Portada","item":"https:\/\/rafaleon.es\/"},{"@type":"ListItem","position":2,"name":"Pol\u00edtica de privacidad"}]},{"@type":"WebSite","@id":"https:\/\/rafaleon.es\/#website","url":"https:\/\/rafaleon.es\/","name":"RAFAEL LE\u00d3N","description":"REPRESENTACIONES DE MUEBLES Y ART\u00cdCULOS DE DECORACI\u00d3N","potentialAction":[{"@type":"SearchAction","target":{"@type":"EntryPoint","urlTemplate":"https:\/\/rafaleon.es\/?s={search_term_string}"},"query-input":{"@type":"PropertyValueSpecification","valueRequired":true,"valueName":"search_term_string"}}],"inLanguage":"es"}]}},"_links":{"self":[{"href":"https:\/\/rafaleon.es\/index.php?rest_route=\/wp\/v2\/pages\/628","targetHints":{"allow":["GET"]}}],"collection":[{"href":"https:\/\/rafaleon.es\/index.php?rest_route=\/wp\/v2\/pages"}],"about":[{"href":"https:\/\/rafaleon.es\/index.php?rest_route=\/wp\/v2\/types\/page"}],"author":[{"embeddable":true,"href":"https:\/\/rafaleon.es\/index.php?rest_route=\/wp\/v2\/users\/1"}],"replies":[{"embeddable":true,"href":"https:\/\/rafaleon.es\/index.php?rest_route=%2Fwp%2Fv2%2Fcomments&post=628"}],"version-history":[{"count":8,"href":"https:\/\/rafaleon.es\/index.php?rest_route=\/wp\/v2\/pages\/628\/revisions"}],"predecessor-version":[{"id":1394,"href":"https:\/\/rafaleon.es\/index.php?rest_route=\/wp\/v2\/pages\/628\/revisions\/1394"}],"wp:attachment":[{"href":"https:\/\/rafaleon.es\/index.php?rest_route=%2Fwp%2Fv2%2Fmedia&parent=628"}],"curies":[{"name":"wp","href":"https:\/\/api.w.org\/{rel}","templated":true}]}}